{"id":60,"date":"2025-07-24T14:48:35","date_gmt":"2025-07-24T12:48:35","guid":{"rendered":"https:\/\/defence.optickyklastr.cz\/defence\/?page_id=60"},"modified":"2025-07-24T14:52:47","modified_gmt":"2025-07-24T12:52:47","slug":"registrace","status":"publish","type":"page","link":"https:\/\/defence.optickyklastr.cz\/defence\/registrace\/","title":{"rendered":"Registra\u010dn\u00ed formul\u00e1\u0159"},"content":{"rendered":"<h2>Registra\u010dn\u00ed formul\u00e1\u0159<\/h2>\n\n<div class=\"wpcf7 no-js\" id=\"wpcf7-f37-o1\" lang=\"cs-CZ\" dir=\"ltr\" data-wpcf7-id=\"37\">\n<div class=\"screen-reader-response\"><p role=\"status\" aria-live=\"polite\" aria-atomic=\"true\"><\/p> <ul><\/ul><\/div>\n<form action=\"\/defence\/wp-json\/wp\/v2\/pages\/60#wpcf7-f37-o1\" method=\"post\" class=\"wpcf7-form init\" aria-label=\"Kontaktn\u00ed formul\u00e1\u0159\" novalidate=\"novalidate\" data-status=\"init\">\n<div style=\"display: none;\">\n<input type=\"hidden\" name=\"_wpcf7\" value=\"37\" \/>\n<input type=\"hidden\" name=\"_wpcf7_version\" value=\"6.0.6\" \/>\n<input type=\"hidden\" name=\"_wpcf7_locale\" value=\"cs_CZ\" \/>\n<input type=\"hidden\" name=\"_wpcf7_unit_tag\" value=\"wpcf7-f37-o1\" \/>\n<input type=\"hidden\" name=\"_wpcf7_container_post\" value=\"0\" \/>\n<input type=\"hidden\" name=\"_wpcf7_posted_data_hash\" value=\"\" \/>\n<\/div>\n<p><label> P\u0159\u00edjmen\u00ed a jm\u00e9no<br \/>\n<span class=\"wpcf7-form-control-wrap\" data-name=\"your-name\"><input size=\"40\" maxlength=\"400\" class=\"wpcf7-form-control wpcf7-text wpcf7-validates-as-required\" autocomplete=\"name\" aria-required=\"true\" aria-invalid=\"false\" value=\"\" type=\"text\" name=\"your-name\" \/><\/span> <\/label>\n<\/p>\n<p><label> Organizace<br \/>\n<span class=\"wpcf7-form-control-wrap\" data-name=\"organizace\"><input size=\"40\" maxlength=\"400\" class=\"wpcf7-form-control wpcf7-text wpcf7-validates-as-required\" autocomplete=\"name\" aria-required=\"true\" aria-invalid=\"false\" value=\"\" type=\"text\" name=\"organizace\" \/><\/span> <\/label>\n<\/p>\n<p><label> V\u00e1\u0161 e-mail<br \/>\n<span class=\"wpcf7-form-control-wrap\" data-name=\"your-email\"><input size=\"40\" maxlength=\"400\" class=\"wpcf7-form-control wpcf7-email wpcf7-validates-as-required wpcf7-text wpcf7-validates-as-email\" autocomplete=\"email\" aria-required=\"true\" aria-invalid=\"false\" value=\"\" type=\"email\" name=\"your-email\" \/><\/span> <\/label>\n<\/p>\n<p><label>Z\u00fa\u010dastn\u00edte se spole\u010densk\u00e9ho ve\u010dera 23. 9. od cca 18 hod.?<br \/>\n<span class=\"wpcf7-form-control-wrap\" data-name=\"spolecensky-vecer\"><span class=\"wpcf7-form-control wpcf7-radio\"><span class=\"wpcf7-list-item first\"><label><input type=\"radio\" name=\"spolecensky-vecer\" value=\"ANO\" \/><span class=\"wpcf7-list-item-label\">ANO<\/span><\/label><\/span><span class=\"wpcf7-list-item last\"><label><input type=\"radio\" name=\"spolecensky-vecer\" value=\"NE\" \/><span class=\"wpcf7-list-item-label\">NE<\/span><\/label><\/span><\/span><\/span><br \/>\n<b><small>Pozn.: Spole\u010densk\u00fd ve\u010der bude prob\u00edhat prvn\u00ed den konference od cca 18:00 hod. takt\u00e9\u017e v klubu Univerzity obrany.<\/small><\/b><br \/>\n<\/label>\n<\/p>\n<p><label>Z\u00fa\u010dastn\u00edte se druh\u00e9ho dne konference?<br \/>\n<span class=\"wpcf7-form-control-wrap\" data-name=\"Konference\"><span class=\"wpcf7-form-control wpcf7-radio\"><span class=\"wpcf7-list-item first\"><label><input type=\"radio\" name=\"Konference\" value=\"ANO\" \/><span class=\"wpcf7-list-item-label\">ANO<\/span><\/label><\/span><span class=\"wpcf7-list-item last\"><label><input type=\"radio\" name=\"Konference\" value=\"NE\" \/><span class=\"wpcf7-list-item-label\">NE<\/span><\/label><\/span><\/span><\/span><br \/>\n<b><small>Pozn.: Program 24.9. bude prob\u00edhat od cca 9 \u2013 12 hod.<\/small><\/b><br \/>\n<\/label>\n<\/p>\n<p><label>M\u00e1te n\u011bjak\u00e9 dietn\u00ed po\u017eadavky? Uve\u010fte jak\u00e9:<br \/>\n<span class=\"wpcf7-form-control-wrap\" data-name=\"Pozadavky\"><textarea cols=\"40\" rows=\"10\" maxlength=\"2000\" class=\"wpcf7-form-control wpcf7-textarea\" aria-invalid=\"false\" name=\"Pozadavky\"><\/textarea><\/span><br \/>\n<\/label>\n<\/p>\n<p><input class=\"wpcf7-form-control wpcf7-submit has-spinner\" type=\"submit\" value=\"Odeslat\" \/>\n<\/p><div class=\"wpcf7-response-output\" aria-hidden=\"true\"><\/div>\n<\/form>\n<\/div>\n\n","protected":false},"excerpt":{"rendered":"<p>Registra\u010dn\u00ed formul\u00e1\u0159<\/p>\n","protected":false},"author":1,"featured_media":0,"parent":0,"menu_order":0,"comment_status":"closed","ping_status":"closed","template":"fullwidth.php","meta":{"footnotes":""},"class_list":["post-60","page","type-page","status-publish","hentry"],"_links":{"self":[{"href":"https:\/\/defence.optickyklastr.cz\/defence\/wp-json\/wp\/v2\/pages\/60","targetHints":{"allow":["GET"]}}],"collection":[{"href":"https:\/\/defence.optickyklastr.cz\/defence\/wp-json\/wp\/v2\/pages"}],"about":[{"href":"https:\/\/defence.optickyklastr.cz\/defence\/wp-json\/wp\/v2\/types\/page"}],"author":[{"embeddable":true,"href":"https:\/\/defence.optickyklastr.cz\/defence\/wp-json\/wp\/v2\/users\/1"}],"replies":[{"embeddable":true,"href":"https:\/\/defence.optickyklastr.cz\/defence\/wp-json\/wp\/v2\/comments?post=60"}],"version-history":[{"count":2,"href":"https:\/\/defence.optickyklastr.cz\/defence\/wp-json\/wp\/v2\/pages\/60\/revisions"}],"predecessor-version":[{"id":62,"href":"https:\/\/defence.optickyklastr.cz\/defence\/wp-json\/wp\/v2\/pages\/60\/revisions\/62"}],"wp:attachment":[{"href":"https:\/\/defence.optickyklastr.cz\/defence\/wp-json\/wp\/v2\/media?parent=60"}],"curies":[{"name":"wp","href":"https:\/\/api.w.org\/{rel}","templated":true}]}}